{"id":679,"date":"2022-11-22T19:43:22","date_gmt":"2022-11-22T19:43:22","guid":{"rendered":"https:\/\/szkola-nr-1.pl\/?page_id=679"},"modified":"2026-03-27T17:48:33","modified_gmt":"2026-03-27T17:48:33","slug":"technik-architektury-krajobrazu","status":"publish","type":"page","link":"https:\/\/szkola1.pl\/index.php\/technik-architektury-krajobrazu\/","title":{"rendered":"Technik architektury krajobrazu i arborystyki"},"content":{"rendered":"\n<figure class=\"wp-block-image size-large\"><img loading=\"lazy\" decoding=\"async\" width=\"1024\" height=\"576\" src=\"https:\/\/szkola1.pl\/wp-content\/uploads\/2026\/03\/Slajd9-1024x576.jpg\" alt=\"\" class=\"wp-image-8064\" srcset=\"https:\/\/szkola1.pl\/wp-content\/uploads\/2026\/03\/Slajd9-1024x576.jpg 1024w, https:\/\/szkola1.pl\/wp-content\/uploads\/2026\/03\/Slajd9-300x169.jpg 300w, https:\/\/szkola1.pl\/wp-content\/uploads\/2026\/03\/Slajd9-768x432.jpg 768w, https:\/\/szkola1.pl\/wp-content\/uploads\/2026\/03\/Slajd9-1536x864.jpg 1536w, https:\/\/szkola1.pl\/wp-content\/uploads\/2026\/03\/Slajd9.jpg 1707w\" sizes=\"(max-width: 1024px) 100vw, 1024px\" \/><\/figure>\n\n\n\n<p class=\"has-text-align-center\"><strong>KWALIFIKACJE<\/strong><\/p>\n\n\n\n<p class=\"has-text-align-center\"><strong>OGR.03. <\/strong><\/p>\n\n\n\n<p class=\"has-text-align-center\">Projektowanie, urz\u0105dzanie i piel\u0119gnacja ro\u015blinnych obiekt\u00f3w architektury krajobrazu<\/p>\n\n\n\n<p class=\"has-text-align-center\"><strong>OGR.04. <\/strong><\/p>\n\n\n\n<p class=\"has-text-align-center\">Organizacja prac zwi\u0105zanych z budow\u0105 oraz konserwacj\u0105 obiekt\u00f3w ma\u0142ej architektury krajobrazu<\/p>\n\n\n\n<p class=\"has-text-align-center\"><strong>G\u0141\u00d3WNE ZADANIA I CZYNNO\u015aCI ZAWODOWE<\/strong><\/p>\n\n\n\n<p>Absolwent szko\u0142y prowadz\u0105cej kszta\u0142cenie w zawodzie technik architektury krajobrazu powinien by\u0107 przygotowany do wykonywania zada\u0144 zawodowych: w zakresie kwalifikacji <strong>OGR.03. <\/strong>Projektowanie, urz\u0105dzanie i piel\u0119gnacja ro\u015blinnych obiekt\u00f3w architektury krajobrazu:<br>a) dobierania ro\u015blin ozdobnych do urz\u0105dzania obiekt\u00f3w architektury krajobrazu,<br>b) opracowywania projekt\u00f3w ro\u015blinnych w obiektach architektury krajobrazu,<br>c) urz\u0105dzania i piel\u0119gnowania ro\u015blinnych obiekt\u00f3w architektury krajobrazu; i w zakresie kwalifikacji <strong>OGR.04.<\/strong> Organizacja prac zwi\u0105zanych z budow\u0105 oraz konserwacj\u0105 obiekt\u00f3w ma\u0142ej architektury krajobrazu:<br>a) dobierania obiekt\u00f3w ma\u0142ej architektury krajobrazu do teren\u00f3w zieleni,<br>b) opracowywania projekt\u00f3w obiekt\u00f3w ma\u0142ej architektury krajobrazu,<br>c) budowania i konserwacji obiekt\u00f3w ma\u0142ej architektury krajobrazu.<\/p>\n\n\n\n<p class=\"has-text-align-center\"><strong>PREDYSPOZYCJE DO WYKONYWANIA ZAWODU<\/strong><\/p>\n\n\n\n<p>\u2022 predyspozycje plastyczne;<br>\u2022 zdolno\u015bci techniczne;<br>\u2022 wra\u017cliwo\u015b\u0107 artystyczna;<br>\u2022 umiej\u0119tne pos\u0142ugiwanie si\u0119 nowoczesnymi programami komputerowymi w ramach wspomagania prac projektowych;<br>\u2022 komunikatywno\u015b\u0107;<br>\u2022 odporno\u015b\u0107 na stres;<br>\u2022 cierpliwo\u015b\u0107;<br>\u2022 dok\u0142adno\u015b\u0107;<br>\u2022 kreatywno\u015b\u0107;<br>\u2022 wysoka sprawno\u015b\u0107 manualna;<br>\u2022 wyobra\u017ania przestrzenna;<br>\u2022 koordynacja wzrokowo-ruchowa;<br>\u2022 wyobra\u017ania konstrukcyjna i techniczna;<br>\u2022 zdolno\u015b\u0107 podejmowania decyzji;<br>\u2022 zarz\u0105dzanie ma\u0142ymi zespo\u0142ami;<br>\u2022 planowanie pracy w\u0142asnej i zespo\u0142owej;<br>\u2022 podzielno\u015b\u0107 uwagi;<br>\u2022 gotowo\u015b\u0107 do ci\u0105g\u0142ej nauki i nabywania nowych umiej\u0119tno\u015bci;<br>\u2022 gotowo\u015b\u0107 do pracy w szybkim tempie;<br>\u2022 gotowo\u015b\u0107 do pracy w r\u00f3\u017cnych warunkach \u015brodowiskowych.<\/p>\n\n\n\n<p class=\"has-text-align-center\"><strong>MO\u017bLIWO\u015aCI PRACY W ZAWODZIE<\/strong><\/p>\n\n\n<div class=\"wp-block-image\">\n<figure class=\"aligncenter size-large\"><img loading=\"lazy\" decoding=\"async\" width=\"410\" height=\"1024\" src=\"https:\/\/szkola-nr-1.pl\/wp-content\/uploads\/2022\/12\/architekt-krajobrazu-410x1024.png\" alt=\"\" class=\"wp-image-1039\" srcset=\"https:\/\/szkola1.pl\/wp-content\/uploads\/2022\/12\/architekt-krajobrazu-410x1024.png 410w, https:\/\/szkola1.pl\/wp-content\/uploads\/2022\/12\/architekt-krajobrazu-120x300.png 120w, https:\/\/szkola1.pl\/wp-content\/uploads\/2022\/12\/architekt-krajobrazu-768x1920.png 768w, https:\/\/szkola1.pl\/wp-content\/uploads\/2022\/12\/architekt-krajobrazu-500x1250.png 500w, https:\/\/szkola1.pl\/wp-content\/uploads\/2022\/12\/architekt-krajobrazu.png 800w\" sizes=\"(max-width: 410px) 100vw, 410px\" \/><\/figure>\n<\/div>","protected":false},"excerpt":{"rendered":"<p>KWALIFIKACJE OGR.03. Projektowanie, urz\u0105dzanie i piel\u0119gnacja ro\u015blinnych obiekt\u00f3w architektury krajobrazu OGR.04. Organizacja prac zwi\u0105zanych z budow\u0105 oraz konserwacj\u0105 obiekt\u00f3w ma\u0142ej architektury krajobrazu G\u0141\u00d3WNE ZADANIA I CZYNNO\u015aCI ZAWODOWE Absolwent szko\u0142y prowadz\u0105cej kszta\u0142cenie w zawodzie technik architektury krajobrazu powinien by\u0107 przygotowany do wykonywania zada\u0144 zawodowych: w zakresie kwalifikacji OGR.03. Projektowanie, urz\u0105dzanie i piel\u0119gnacja ro\u015blinnych obiekt\u00f3w architektury krajobrazu:a) dobierania ro\u015blin ozdobnych do urz\u0105dzania [&hellip;]<\/p>\n","protected":false},"author":2,"featured_media":0,"parent":0,"menu_order":0,"comment_status":"closed","ping_status":"closed","template":"","meta":{"saved_in_kubio":false,"_eb_attr":"","footnotes":""},"class_list":["post-679","page","type-page","status-publish","hentry"],"kubio_ai_page_context":{"short_desc":"","purpose":"general"},"_links":{"self":[{"href":"https:\/\/szkola1.pl\/index.php\/wp-json\/wp\/v2\/pages\/679","targetHints":{"allow":["GET"]}}],"collection":[{"href":"https:\/\/szkola1.pl\/index.php\/wp-json\/wp\/v2\/pages"}],"about":[{"href":"https:\/\/szkola1.pl\/index.php\/wp-json\/wp\/v2\/types\/page"}],"author":[{"embeddable":true,"href":"https:\/\/szkola1.pl\/index.php\/wp-json\/wp\/v2\/users\/2"}],"replies":[{"embeddable":true,"href":"https:\/\/szkola1.pl\/index.php\/wp-json\/wp\/v2\/comments?post=679"}],"version-history":[{"count":7,"href":"https:\/\/szkola1.pl\/index.php\/wp-json\/wp\/v2\/pages\/679\/revisions"}],"predecessor-version":[{"id":8081,"href":"https:\/\/szkola1.pl\/index.php\/wp-json\/wp\/v2\/pages\/679\/revisions\/8081"}],"wp:attachment":[{"href":"https:\/\/szkola1.pl\/index.php\/wp-json\/wp\/v2\/media?parent=679"}],"curies":[{"name":"wp","href":"https:\/\/api.w.org\/{rel}","templated":true}]}}

<figure class="wp-block-image size-large"><img loading="lazy" decoding="async" width="1024" height="576" src="https://szkola1.pl/wp-content/uploads/2026/03/Slajd9-1024x576.jpg" alt="" class="wp-image-8064" srcset="https://szkola1.pl/wp-content/uploads/2026/03/Slajd9-1024x576.jpg 1024w, https://szkola1.pl/wp-content/uploads/2026/03/Slajd9-300x169.jpg 300w, https://szkola1.pl/wp-content/uploads/2026/03/Slajd9-768x432.jpg 768w, https://szkola1.pl/wp-content/uploads/2026/03/Slajd9-1536x864.jpg 1536w, https://szkola1.pl/wp-content/uploads/2026/03/Slajd9.jpg 1707w" sizes="(max-width: 1024px) 100vw, 1024px" /></figure>



<p class="has-text-align-center"><strong>KWALIFIKACJE</strong></p>



<p class="has-text-align-center"><strong>OGR.03. </strong></p>



<p class="has-text-align-center">Projektowanie, urządzanie i pielęgnacja roślinnych obiektów architektury krajobrazu</p>



<p class="has-text-align-center"><strong>OGR.04. </strong></p>



<p class="has-text-align-center">Organizacja prac związanych z budową oraz konserwacją obiektów małej architektury krajobrazu</p>



<p class="has-text-align-center"><strong>GŁÓWNE ZADANIA I CZYNNOŚCI ZAWODOWE</strong></p>



<p>Absolwent szkoły prowadzącej kształcenie w zawodzie technik architektury krajobrazu powinien być przygotowany do wykonywania zadań zawodowych: w zakresie kwalifikacji <strong>OGR.03. </strong>Projektowanie, urządzanie i pielęgnacja roślinnych obiektów architektury krajobrazu:<br>a) dobierania roślin ozdobnych do urządzania obiektów architektury krajobrazu,<br>b) opracowywania projektów roślinnych w obiektach architektury krajobrazu,<br>c) urządzania i pielęgnowania roślinnych obiektów architektury krajobrazu; i w zakresie kwalifikacji <strong>OGR.04.</strong> Organizacja prac związanych z budową oraz konserwacją obiektów małej architektury krajobrazu:<br>a) dobierania obiektów małej architektury krajobrazu do terenów zieleni,<br>b) opracowywania projektów obiektów małej architektury krajobrazu,<br>c) budowania i konserwacji obiektów małej architektury krajobrazu.</p>



<p class="has-text-align-center"><strong>PREDYSPOZYCJE DO WYKONYWANIA ZAWODU</strong></p>



<p>• predyspozycje plastyczne;<br>• zdolności techniczne;<br>• wrażliwość artystyczna;<br>• umiejętne posługiwanie się nowoczesnymi programami komputerowymi w ramach wspomagania prac projektowych;<br>• komunikatywność;<br>• odporność na stres;<br>• cierpliwość;<br>• dokładność;<br>• kreatywność;<br>• wysoka sprawność manualna;<br>• wyobraźnia przestrzenna;<br>• koordynacja wzrokowo-ruchowa;<br>• wyobraźnia konstrukcyjna i techniczna;<br>• zdolność podejmowania decyzji;<br>• zarządzanie małymi zespołami;<br>• planowanie pracy własnej i zespołowej;<br>• podzielność uwagi;<br>• gotowość do ciągłej nauki i nabywania nowych umiejętności;<br>• gotowość do pracy w szybkim tempie;<br>• gotowość do pracy w różnych warunkach środowiskowych.</p>



<p class="has-text-align-center"><strong>MOŻLIWOŚCI PRACY W ZAWODZIE</strong></p>


<div class="wp-block-image">
<figure class="aligncenter size-large"><img loading="lazy" decoding="async" width="410" height="1024" src="https://szkola-nr-1.pl/wp-content/uploads/2022/12/architekt-krajobrazu-410x1024.png" alt="" class="wp-image-1039" srcset="https://szkola1.pl/wp-content/uploads/2022/12/architekt-krajobrazu-410x1024.png 410w, https://szkola1.pl/wp-content/uploads/2022/12/architekt-krajobrazu-120x300.png 120w, https://szkola1.pl/wp-content/uploads/2022/12/architekt-krajobrazu-768x1920.png 768w, https://szkola1.pl/wp-content/uploads/2022/12/architekt-krajobrazu-500x1250.png 500w, https://szkola1.pl/wp-content/uploads/2022/12/architekt-krajobrazu.png 800w" sizes="(max-width: 410px) 100vw, 410px" /></figure>
</div>

<p>KWALIFIKACJE OGR.03. Projektowanie, urządzanie i pielęgnacja roślinnych obiektów architektury krajobrazu OGR.04. Organizacja prac związanych z budową oraz konserwacją obiektów małej architektury krajobrazu GŁÓWNE ZADANIA I CZYNNOŚCI ZAWODOWE Absolwent szkoły prowadzącej kształcenie w zawodzie technik architektury krajobrazu powinien być przygotowany do wykonywania zadań zawodowych: w zakresie kwalifikacji OGR.03. Projektowanie, urządzanie i pielęgnacja roślinnych obiektów architektury krajobrazu:a) dobierania roślin ozdobnych do urządzania [&hellip;]</p>
