{"id":629,"date":"2022-11-14T18:21:51","date_gmt":"2022-11-14T18:21:51","guid":{"rendered":"https:\/\/szkola-nr-1.pl\/?page_id=629"},"modified":"2026-01-12T10:10:41","modified_gmt":"2026-01-12T10:10:41","slug":"zespol-nauczycieli-przedmiotow-zawodowych","status":"publish","type":"page","link":"https:\/\/szkola1.pl\/index.php\/zespol-nauczycieli-przedmiotow-zawodowych\/","title":{"rendered":"Zesp\u00f3\u0142 nauczycieli przedmiot\u00f3w zawodowych"},"content":{"rendered":"\n<p><\/p>\n\n\n\n<h2 class=\"wp-block-heading\">reklama<\/h2>\n\n\n\n<div class=\"wp-block-essential-blocks-image-gallery\"><div class=\"eb-parent-wrapper eb-parent-eb-image-gallery-e9cr0pe \"><div class=\"eb-gallery-img-wrapper eb-image-gallery-e9cr0pe grid overlay-bottom caption-style-0  \" data-id=\"eb-image-gallery-e9cr0pe\"><a href=\"https:\/\/szkola1.pl\/wp-content\/uploads\/2025\/03\/AvatarMaker.png\" id=\"eb-gallery-img-content\" data-fslightbox=\"gallery\" data-type=\"image\" class=\"eb-gallery-img-content eb-filter-img-\"><span class=\"eb-gallery-link-wrapper\"><img decoding=\"async\" class=\"eb-gallery-img\" src=\"https:\/\/szkola1.pl\/wp-content\/uploads\/2025\/03\/AvatarMaker.png\" image-index=\"0\"\/><span class=\"eb-gallery-img-caption center bottom\">Maria W\u0142oszek<\/span><\/span><\/a><a href=\"https:\/\/szkola1.pl\/wp-content\/uploads\/2025\/03\/pngtree-man-avatar-wearing-gray-suit-png-image_6102786.png\" id=\"eb-gallery-img-content\" data-fslightbox=\"gallery\" data-type=\"image\" class=\"eb-gallery-img-content eb-filter-img-\"><span class=\"eb-gallery-link-wrapper\"><img decoding=\"async\" class=\"eb-gallery-img\" src=\"https:\/\/szkola1.pl\/wp-content\/uploads\/2025\/03\/pngtree-man-avatar-wearing-gray-suit-png-image_6102786.png\" image-index=\"1\"\/><span class=\"eb-gallery-img-caption center bottom\">S\u0142awomir Kisielewski<\/span><\/span><\/a><\/div><\/div><\/div>\n\n\n\n<h2 class=\"wp-block-heading\">geodezja<\/h2>\n\n\n\n<div class=\"wp-block-essential-blocks-image-gallery\"><div class=\"eb-parent-wrapper eb-parent-eb-image-gallery-20libnt \"><div class=\"eb-gallery-img-wrapper eb-image-gallery-20libnt grid overlay-bottom caption-style-0  \" data-id=\"eb-image-gallery-20libnt\"><a href=\"https:\/\/szkola-nr-1.pl\/wp-content\/uploads\/2022\/11\/Maciej-Piotrowski-scaled.jpg\" id=\"eb-gallery-img-content\" data-fslightbox=\"gallery\" data-type=\"image\" class=\"eb-gallery-img-content eb-filter-img-\"><span class=\"eb-gallery-link-wrapper\"><img decoding=\"async\" class=\"eb-gallery-img\" src=\"https:\/\/szkola-nr-1.pl\/wp-content\/uploads\/2022\/11\/Maciej-Piotrowski-scaled.jpg\" image-index=\"0\"\/><span class=\"eb-gallery-img-caption center bottom\">Maciej Piotrowski<\/span><\/span><\/a><\/div><\/div><\/div>\n\n\n\n<h2 class=\"wp-block-heading\">turystyka<\/h2>\n\n\n\n<div class=\"wp-block-essential-blocks-image-gallery\"><div class=\"eb-parent-wrapper eb-parent-eb-image-gallery-u0jda2y \"><div class=\"eb-gallery-img-wrapper eb-image-gallery-u0jda2y grid overlay-bottom caption-style-0  \" data-id=\"eb-image-gallery-u0jda2y\"><a href=\"https:\/\/szkola1.pl\/wp-content\/uploads\/2022\/12\/Sara.jpg\" id=\"eb-gallery-img-content\" data-fslightbox=\"gallery\" data-type=\"image\" class=\"eb-gallery-img-content eb-filter-img-\"><span class=\"eb-gallery-link-wrapper\"><img decoding=\"async\" class=\"eb-gallery-img\" src=\"https:\/\/szkola1.pl\/wp-content\/uploads\/2022\/12\/Sara.jpg\" image-index=\"0\"\/><span class=\"eb-gallery-img-caption center bottom\">Sara Trojanowska<\/span><\/span><\/a><a href=\"https:\/\/szkola1.pl\/wp-content\/uploads\/2022\/11\/Adam-Rydwelski-scaled.jpg\" id=\"eb-gallery-img-content\" data-fslightbox=\"gallery\" data-type=\"image\" class=\"eb-gallery-img-content eb-filter-img-\"><span class=\"eb-gallery-link-wrapper\"><img decoding=\"async\" class=\"eb-gallery-img\" src=\"https:\/\/szkola1.pl\/wp-content\/uploads\/2022\/11\/Adam-Rydwelski-scaled.jpg\" image-index=\"1\"\/><span class=\"eb-gallery-img-caption center bottom\">Adam Rydwelski<\/span><\/span><\/a><a href=\"https:\/\/szkola1.pl\/wp-content\/uploads\/2022\/11\/Ewa-Ratajczyk-scaled.jpg\" id=\"eb-gallery-img-content\" data-fslightbox=\"gallery\" data-type=\"image\" class=\"eb-gallery-img-content eb-filter-img-\"><span class=\"eb-gallery-link-wrapper\"><img decoding=\"async\" class=\"eb-gallery-img\" src=\"https:\/\/szkola1.pl\/wp-content\/uploads\/2022\/11\/Ewa-Ratajczyk-scaled.jpg\" image-index=\"2\"\/><span class=\"eb-gallery-img-caption center bottom\">Ewa Ratajczyk<\/span><\/span><\/a><a href=\"https:\/\/szkola1.pl\/wp-content\/uploads\/2025\/03\/AvatarMaker.png\" id=\"eb-gallery-img-content\" data-fslightbox=\"gallery\" data-type=\"image\" class=\"eb-gallery-img-content eb-filter-img-\"><span class=\"eb-gallery-link-wrapper\"><img decoding=\"async\" class=\"eb-gallery-img\" src=\"https:\/\/szkola1.pl\/wp-content\/uploads\/2025\/03\/AvatarMaker.png\" image-index=\"3\"\/><span class=\"eb-gallery-img-caption center bottom\">Adriana P\u0142achci\u0144ska &#8211; Gurdziel<\/span><\/span><\/a><\/div><\/div><\/div>\n\n\n\n<h2 class=\"wp-block-heading\">mechanizacja rolnictwa i agrotronika<\/h2>\n\n\n\n<div class=\"wp-block-essential-blocks-image-gallery\"><div class=\"eb-parent-wrapper eb-parent-eb-image-gallery-sqf2dxs \"><div class=\"eb-gallery-img-wrapper eb-image-gallery-sqf2dxs grid overlay-bottom caption-style-0  \" data-id=\"eb-image-gallery-sqf2dxs\"><a href=\"https:\/\/szkola1.pl\/wp-content\/uploads\/2022\/11\/Adam-Jurek-scaled.jpg\" id=\"eb-gallery-img-content\" data-fslightbox=\"gallery\" data-type=\"image\" class=\"eb-gallery-img-content eb-filter-img-\"><span class=\"eb-gallery-link-wrapper\"><img decoding=\"async\" class=\"eb-gallery-img\" src=\"https:\/\/szkola1.pl\/wp-content\/uploads\/2022\/11\/Adam-Jurek-scaled.jpg\" image-index=\"0\"\/><span class=\"eb-gallery-img-caption center bottom\">Adam Jurek<\/span><\/span><\/a><a href=\"https:\/\/szkola1.pl\/wp-content\/uploads\/2025\/03\/zbigniew-brzezinski.jpg\" id=\"eb-gallery-img-content\" data-fslightbox=\"gallery\" data-type=\"image\" class=\"eb-gallery-img-content eb-filter-img-\"><span class=\"eb-gallery-link-wrapper\"><img decoding=\"async\" class=\"eb-gallery-img\" src=\"https:\/\/szkola1.pl\/wp-content\/uploads\/2025\/03\/zbigniew-brzezinski.jpg\" image-index=\"1\"\/><span class=\"eb-gallery-img-caption center bottom\">Zbigniew Brzezi\u0144ski<\/span><\/span><\/a><a href=\"https:\/\/szkola1.pl\/wp-content\/uploads\/2025\/03\/kazimierz-paczkowski.jpg\" id=\"eb-gallery-img-content\" data-fslightbox=\"gallery\" data-type=\"image\" class=\"eb-gallery-img-content eb-filter-img-\"><span class=\"eb-gallery-link-wrapper\"><img decoding=\"async\" class=\"eb-gallery-img\" src=\"https:\/\/szkola1.pl\/wp-content\/uploads\/2025\/03\/kazimierz-paczkowski.jpg\" image-index=\"2\"\/><span class=\"eb-gallery-img-caption center bottom\">Kazimierz Paczkowski<\/span><\/span><\/a><a href=\"https:\/\/szkola1.pl\/wp-content\/uploads\/2025\/03\/Zdjecie-WhatsApp-2025-03-18-o-09.03.55_6265ec63.jpg\" id=\"eb-gallery-img-content\" data-fslightbox=\"gallery\" data-type=\"image\" class=\"eb-gallery-img-content eb-filter-img-\"><span class=\"eb-gallery-link-wrapper\"><img decoding=\"async\" class=\"eb-gallery-img\" src=\"https:\/\/szkola1.pl\/wp-content\/uploads\/2025\/03\/Zdjecie-WhatsApp-2025-03-18-o-09.03.55_6265ec63.jpg\" image-index=\"3\"\/><span class=\"eb-gallery-img-caption center bottom\">Piotr Sobczak<\/span><\/span><\/a><a href=\"https:\/\/szkola1.pl\/wp-content\/uploads\/2025\/06\/Zdjecie-WhatsApp-2025-06-24-o-14.50.13_6456a0ee.jpg\" id=\"eb-gallery-img-content\" data-fslightbox=\"gallery\" data-type=\"image\" class=\"eb-gallery-img-content eb-filter-img-\"><span class=\"eb-gallery-link-wrapper\"><img decoding=\"async\" class=\"eb-gallery-img\" src=\"https:\/\/szkola1.pl\/wp-content\/uploads\/2025\/06\/Zdjecie-WhatsApp-2025-06-24-o-14.50.13_6456a0ee.jpg\" image-index=\"4\"\/><span class=\"eb-gallery-img-caption center bottom\">Tomasz Behrendt<\/span><\/span><\/a><a href=\"https:\/\/szkola1.pl\/wp-content\/uploads\/2026\/01\/IMG_5007.jpeg\" id=\"eb-gallery-img-content\" data-fslightbox=\"gallery\" data-type=\"image\" class=\"eb-gallery-img-content eb-filter-img-\"><span class=\"eb-gallery-link-wrapper\"><img decoding=\"async\" class=\"eb-gallery-img\" src=\"https:\/\/szkola1.pl\/wp-content\/uploads\/2026\/01\/IMG_5007.jpeg\" image-index=\"5\"\/><span class=\"eb-gallery-img-caption center bottom\">Damian Ku\u017aniewski <\/span><\/span><\/a><\/div><\/div><\/div>\n\n\n\n<p><\/p>\n\n\n\n<h2 class=\"wp-block-heading\">informatyka i programowanie<\/h2>\n\n\n\n<div class=\"wp-block-essential-blocks-image-gallery\"><div class=\"eb-parent-wrapper eb-parent-eb-image-gallery-pd68n6o \"><div class=\"eb-gallery-img-wrapper eb-image-gallery-pd68n6o grid zoom caption-style-0  \" data-id=\"eb-image-gallery-pd68n6o\"><a href=\"https:\/\/szkola1.pl\/wp-content\/uploads\/2022\/11\/Roman-Skowronski-768x1024.jpg\" id=\"eb-gallery-img-content\" data-fslightbox=\"gallery\" data-type=\"image\" class=\"eb-gallery-img-content eb-filter-img-\"><span class=\"eb-gallery-link-wrapper\"><img decoding=\"async\" class=\"eb-gallery-img\" src=\"https:\/\/szkola1.pl\/wp-content\/uploads\/2022\/11\/Roman-Skowronski-768x1024.jpg\" image-index=\"0\"\/><span class=\"eb-gallery-img-caption center bottom\">Roman Skowro\u0144ski<\/span><\/span><\/a><a href=\"https:\/\/szkola1.pl\/wp-content\/uploads\/2025\/03\/1741710841879-688x1024.jpg\" id=\"eb-gallery-img-content\" data-fslightbox=\"gallery\" data-type=\"image\" class=\"eb-gallery-img-content eb-filter-img-\"><span class=\"eb-gallery-link-wrapper\"><img decoding=\"async\" class=\"eb-gallery-img\" src=\"https:\/\/szkola1.pl\/wp-content\/uploads\/2025\/03\/1741710841879-688x1024.jpg\" image-index=\"1\"\/><span class=\"eb-gallery-img-caption center bottom\">Marceli Owczarski<\/span><\/span><\/a><a href=\"https:\/\/szkola1.pl\/wp-content\/uploads\/2025\/03\/pngtree-man-avatar-wearing-gray-suit-png-image_6102786.png\" id=\"eb-gallery-img-content\" data-fslightbox=\"gallery\" data-type=\"image\" class=\"eb-gallery-img-content eb-filter-img-\"><span class=\"eb-gallery-link-wrapper\"><img decoding=\"async\" class=\"eb-gallery-img\" src=\"https:\/\/szkola1.pl\/wp-content\/uploads\/2025\/03\/pngtree-man-avatar-wearing-gray-suit-png-image_6102786.png\" image-index=\"2\"\/><span class=\"eb-gallery-img-caption center bottom\">Stanis\u0142aw Ryniecki<\/span><\/span><\/a><a href=\"https:\/\/szkola1.pl\/wp-content\/uploads\/2025\/09\/pngtree-man-avatar-wearing-gray-suit-png-image_6102786.png\" id=\"eb-gallery-img-content\" data-fslightbox=\"gallery\" data-type=\"image\" class=\"eb-gallery-img-content eb-filter-img-\"><span class=\"eb-gallery-link-wrapper\"><img decoding=\"async\" class=\"eb-gallery-img\" src=\"https:\/\/szkola1.pl\/wp-content\/uploads\/2025\/09\/pngtree-man-avatar-wearing-gray-suit-png-image_6102786.png\" image-index=\"3\"\/><span class=\"eb-gallery-img-caption center bottom\">Krzysztof Kocio\u0142owicz<\/span><\/span><\/a><\/div><\/div><\/div>\n\n\n\n<h2 class=\"wp-block-heading\">weterynaria<\/h2>\n\n\n\n<div class=\"wp-block-essential-blocks-image-gallery\"><div class=\"eb-parent-wrapper eb-parent-eb-image-gallery-utzn4xg \"><div class=\"eb-gallery-img-wrapper eb-image-gallery-utzn4xg grid zoom caption-style-0  \" data-id=\"eb-image-gallery-utzn4xg\"><a href=\"https:\/\/szkola1.pl\/wp-content\/uploads\/2025\/03\/Zdjecie-WhatsApp-2025-03-11-o-13.30.39_ad556f66-576x1024.jpg\" id=\"eb-gallery-img-content\" data-fslightbox=\"gallery\" data-type=\"image\" class=\"eb-gallery-img-content eb-filter-img-\"><span class=\"eb-gallery-link-wrapper\"><img decoding=\"async\" class=\"eb-gallery-img\" src=\"https:\/\/szkola1.pl\/wp-content\/uploads\/2025\/03\/Zdjecie-WhatsApp-2025-03-11-o-13.30.39_ad556f66-576x1024.jpg\" image-index=\"0\"\/><span class=\"eb-gallery-img-caption center bottom\">Agnieszka Duwe<\/span><\/span><\/a><a href=\"https:\/\/szkola1.pl\/wp-content\/uploads\/2025\/03\/482927448_1203300308038614_7770354888788104361_n-768x1024.jpg\" id=\"eb-gallery-img-content\" data-fslightbox=\"gallery\" data-type=\"image\" class=\"eb-gallery-img-content eb-filter-img-\"><span class=\"eb-gallery-link-wrapper\"><img decoding=\"async\" class=\"eb-gallery-img\" src=\"https:\/\/szkola1.pl\/wp-content\/uploads\/2025\/03\/482927448_1203300308038614_7770354888788104361_n-768x1024.jpg\" image-index=\"1\"\/><span class=\"eb-gallery-img-caption center bottom\">Anna Stefanowska<\/span><\/span><\/a><\/div><\/div><\/div>\n\n\n\n<h2 class=\"wp-block-heading\">architektura krajobrazu<\/h2>\n\n\n\n<div class=\"wp-block-essential-blocks-image-gallery\"><div class=\"eb-parent-wrapper eb-parent-eb-image-gallery-wd7d1q3 \"><div class=\"eb-gallery-img-wrapper eb-image-gallery-wd7d1q3 grid zoom caption-style-0  \" data-id=\"eb-image-gallery-wd7d1q3\"><a href=\"https:\/\/szkola1.pl\/wp-content\/uploads\/2025\/03\/Zdjecie-WhatsApp-2025-03-18-o-15.51.23_3c0beee4-776x1024.jpg\" id=\"eb-gallery-img-content\" data-fslightbox=\"gallery\" data-type=\"image\" class=\"eb-gallery-img-content eb-filter-img-\"><span class=\"eb-gallery-link-wrapper\"><img decoding=\"async\" class=\"eb-gallery-img\" src=\"https:\/\/szkola1.pl\/wp-content\/uploads\/2025\/03\/Zdjecie-WhatsApp-2025-03-18-o-15.51.23_3c0beee4-776x1024.jpg\" image-index=\"0\"\/><span class=\"eb-gallery-img-caption center bottom\">Monika Jezierska<\/span><\/span><\/a><a href=\"https:\/\/szkola1.pl\/wp-content\/uploads\/2025\/06\/Zdjecie-WhatsApp-2025-06-12-o-15.13.02_709806eb-768x1024.jpg\" id=\"eb-gallery-img-content\" data-fslightbox=\"gallery\" data-type=\"image\" class=\"eb-gallery-img-content eb-filter-img-\"><span class=\"eb-gallery-link-wrapper\"><img decoding=\"async\" class=\"eb-gallery-img\" src=\"https:\/\/szkola1.pl\/wp-content\/uploads\/2025\/06\/Zdjecie-WhatsApp-2025-06-12-o-15.13.02_709806eb-768x1024.jpg\" image-index=\"1\"\/><span class=\"eb-gallery-img-caption center bottom\">Jan Krupski<\/span><\/span><\/a><\/div><\/div><\/div>\n\n\n\n<h2 class=\"wp-block-heading\">biznes i zarz\u0105dzanie, architektura krajobrazu, j\u0119zyk niemiecki<\/h2>\n\n\n\n<div class=\"wp-block-essential-blocks-image-gallery\"><div class=\"eb-parent-wrapper eb-parent-eb-image-gallery-4qltoim \"><div class=\"eb-gallery-img-wrapper eb-image-gallery-4qltoim grid zoom caption-style-0  \" data-id=\"eb-image-gallery-4qltoim\"><a href=\"https:\/\/szkola1.pl\/wp-content\/uploads\/2022\/12\/Sylwia-Gaza-768x1024.jpg\" id=\"eb-gallery-img-content\" data-fslightbox=\"gallery\" data-type=\"image\" class=\"eb-gallery-img-content eb-filter-img-\"><span class=\"eb-gallery-link-wrapper\"><img decoding=\"async\" class=\"eb-gallery-img\" src=\"https:\/\/szkola1.pl\/wp-content\/uploads\/2022\/12\/Sylwia-Gaza-768x1024.jpg\" image-index=\"0\"\/><span class=\"eb-gallery-img-caption center bottom\">Sylwia Gaza<\/span><\/span><\/a><\/div><\/div><\/div>\n\n\n\n<p><\/p>\n\n\n\n<h2 class=\"wp-block-heading\"><\/h2>\n\n\n","protected":false},"excerpt":{"rendered":"<p>reklama geodezja turystyka mechanizacja rolnictwa i agrotronika informatyka i programowanie weterynaria architektura krajobrazu biznes i zarz\u0105dzanie, architektura krajobrazu, j\u0119zyk niemiecki<\/p>\n","protected":false},"author":2,"featured_media":0,"parent":0,"menu_order":0,"comment_status":"closed","ping_status":"closed","template":"","meta":{"saved_in_kubio":false,"_eb_attr":"Arial,Georgia,ABeeZee,Default","footnotes":""},"class_list":["post-629","page","type-page","status-publish","hentry"],"kubio_ai_page_context":{"short_desc":"","purpose":"general"},"_links":{"self":[{"href":"https:\/\/szkola1.pl\/index.php\/wp-json\/wp\/v2\/pages\/629","targetHints":{"allow":["GET"]}}],"collection":[{"href":"https:\/\/szkola1.pl\/index.php\/wp-json\/wp\/v2\/pages"}],"about":[{"href":"https:\/\/szkola1.pl\/index.php\/wp-json\/wp\/v2\/types\/page"}],"author":[{"embeddable":true,"href":"https:\/\/szkola1.pl\/index.php\/wp-json\/wp\/v2\/users\/2"}],"replies":[{"embeddable":true,"href":"https:\/\/szkola1.pl\/index.php\/wp-json\/wp\/v2\/comments?post=629"}],"version-history":[{"count":62,"href":"https:\/\/szkola1.pl\/index.php\/wp-json\/wp\/v2\/pages\/629\/revisions"}],"predecessor-version":[{"id":7440,"href":"https:\/\/szkola1.pl\/index.php\/wp-json\/wp\/v2\/pages\/629\/revisions\/7440"}],"wp:attachment":[{"href":"https:\/\/szkola1.pl\/index.php\/wp-json\/wp\/v2\/media?parent=629"}],"curies":[{"name":"wp","href":"https:\/\/api.w.org\/{rel}","templated":true}]}}