{"id":5435,"date":"2025-03-30T17:33:11","date_gmt":"2025-03-30T17:33:11","guid":{"rendered":"https:\/\/szkola1.pl\/?page_id=5435"},"modified":"2025-06-15T16:53:38","modified_gmt":"2025-06-15T16:53:38","slug":"mapa","status":"publish","type":"page","link":"https:\/\/szkola1.pl\/index.php\/home\/mapa\/","title":{"rendered":"&#8222;MAPA&#8221; M\u0142odzie\u017cowa Akademia Powiatu Aleksandrowskiego"},"content":{"rendered":"\n<div class=\"wp-block-file\"><a id=\"wp-block-file--media-3b663294-0bef-40a8-a72b-ef592b60ad7a\" href=\"https:\/\/szkola1.pl\/wp-content\/uploads\/2025\/04\/Regulamin-rekrutacji-do-klubu-MAPA.docx\" target=\"_blank\" rel=\"noreferrer noopener\">Regulamin-rekrutacji-do-klubu-MAPA<\/a><a href=\"https:\/\/szkola1.pl\/wp-content\/uploads\/2025\/04\/Regulamin-rekrutacji-do-klubu-MAPA.docx\" class=\"wp-block-file__button wp-element-button\" download aria-describedby=\"wp-block-file--media-3b663294-0bef-40a8-a72b-ef592b60ad7a\">Pobierz<\/a><\/div>\n\n\n\n<div class=\"wp-block-file\"><a id=\"wp-block-file--media-306ce9df-da3b-45f4-843b-5139a2d2c84c\" href=\"https:\/\/szkola1.pl\/wp-content\/uploads\/2025\/04\/Regulamin-projektu-MAPA.docx\">Regulamin-projektu-MAPA<\/a><a href=\"https:\/\/szkola1.pl\/wp-content\/uploads\/2025\/04\/Regulamin-projektu-MAPA.docx\" class=\"wp-block-file__button wp-element-button\" download aria-describedby=\"wp-block-file--media-306ce9df-da3b-45f4-843b-5139a2d2c84c\">Pobierz<\/a><\/div>\n\n\n\n<div class=\"wp-block-file\"><a id=\"wp-block-file--media-4439078e-903d-44f7-beb7-258caef852bb\" href=\"https:\/\/szkola1.pl\/wp-content\/uploads\/2025\/04\/Regulamin-klubu-mlodziezowego-MAPA.docx\">Regulamin-klubu-mlodziezowego-MAPA<\/a><a href=\"https:\/\/szkola1.pl\/wp-content\/uploads\/2025\/04\/Regulamin-klubu-mlodziezowego-MAPA.docx\" class=\"wp-block-file__button wp-element-button\" download aria-describedby=\"wp-block-file--media-4439078e-903d-44f7-beb7-258caef852bb\">Pobierz<\/a><\/div>\n\n\n\n<p>W naszej szkole realizujemy projekt \u201cMAPA\u201d M\u0142odzie\u017cowa Akademia Powiatu Aleksandrowskiego, kt\u00f3rego Beneficjentem jest Powiat Aleksandrowski.<\/p>\n\n\n\n<p>Celem projektu jest stworzenie edukacyjnego klubu m\u0142odzie\u017cowego wspieraj\u0105cego w spos\u00f3b kompleksowy<\/p>\n\n\n\n<p>i innowacyjny rozw\u00f3j kompetencji, umiej\u0119tno\u015bci, uzdolnie\u0144 i zainteresowa\u0144 m\u0142odzie\u017cy w wieku od 6 do 24 lat, posiadaj\u0105cej status ucznia oraz zamieszka\u0142ej na terenie powiatu aleksandrowskiego.<\/p>\n\n\n\n<p>Projekt zak\u0142ada realizacj\u0119 czterech zada\u0144: interdyscyplinarny projekt j\u0119zykowy, kurs strzelectwa z elementami samoobrony i udzielania pierwszej pomocy, trening umiej\u0119tno\u015bci spo\u0142ecznych (TUS) oraz warsztaty artystyczne.<\/p>\n\n\n\n<p>W ramach powy\u017cszych zada\u0144 oczekiwane s\u0105 nast\u0119puj\u0105ce efekty:<\/p>\n\n\n\n<p>&#8211; powstanie bloga pod nazw\u0105 &#8222;my\u015bl globalnie, dzia\u0142aj lokalnie w &#8222;gminie obwarzankowej&#8221; Aleksandr\u00f3w Kujawski&#8221; (ang. &#8222;think globally, act locally in the bagel region of Aleksandr\u00f3w Kujawski&#8221;, w wersji j\u0119zykowej polskiej i angielskiej,<\/p>\n\n\n\n<p>&#8211; opanowanie umiej\u0119tno\u015bci strzeleckich z elementami samoobrony i udzielania pierwszej pomocy,<\/p>\n\n\n\n<p>&#8211; nabycie okre\u015blonych umiej\u0119tno\u015bci spo\u0142ecznych,<\/p>\n\n\n\n<p>&#8211; stworzenie pi\u0119ciu rodzaj\u00f3w r\u0119kodzie\u0142a, z wykorzystaniem surowc\u00f3w wt\u00f3rnych, inspirowanych natur\u0105 i zwyczajami typowymi dla powiatu aleksandrowskiego,<\/p>\n\n\n\n<p>&#8211; wyeksponowanie stworzonego przez uczni\u00f3w r\u0119kodzie\u0142a na wystawie zorganizowanej przez uczestnik\u00f3w i opiekuna klubu, w celu aktywizacji i zach\u0119cenia m\u0142odzie\u017cy do udzia\u0142u w podobnych dzia\u0142aniach.<\/p>\n\n\n\n<p>Do zrealizowania zada\u0144 zostanie zakupiony sprz\u0119t, m.in. zestawy mikrofon\u00f3w, kamera, tablet graficzny, defibrylator szkoleniowy, szkoleniowy zestaw fantom\u00f3w, szkoleniowa kamizelka do zakrztusze\u0144, gry szkoleniowe, kt\u00f3re b\u0119d\u0105 wykorzystane do przeprowadzenia treningu umiej\u0119tno\u015bci spo\u0142ecznych, sztalugi malarskie oraz materia\u0142y zu\u017cywalne, niezb\u0119dne do przeprowadzenia warsztat\u00f3w artystycznych.<\/p>\n\n\n\n<p>Warto\u015b\u0107 projektu wynosi 49 488,25 z\u0142.<\/p>\n\n\n\n<p>Wysoko\u015b\u0107 wk\u0142adu Funduszy Europejskich wynosi 45 288,25 z\u0142.<\/p>\n\n\n\n<figure class=\"wp-block-image size-large\"><img loading=\"lazy\" decoding=\"async\" width=\"1024\" height=\"97\" src=\"https:\/\/szkola1.pl\/wp-content\/uploads\/2025\/06\/image-1024x97.png\" alt=\"\" class=\"wp-image-6271\" srcset=\"https:\/\/szkola1.pl\/wp-content\/uploads\/2025\/06\/image-1024x97.png 1024w, https:\/\/szkola1.pl\/wp-content\/uploads\/2025\/06\/image-300x29.png 300w, https:\/\/szkola1.pl\/wp-content\/uploads\/2025\/06\/image-768x73.png 768w, https:\/\/szkola1.pl\/wp-content\/uploads\/2025\/06\/image.png 1536w\" sizes=\"(max-width: 1024px) 100vw, 1024px\" \/><\/figure>\n\n\n\n<figure class=\"wp-block-image size-large is-resized\"><img loading=\"lazy\" decoding=\"async\" src=\"https:\/\/szkola1.pl\/wp-content\/uploads\/2025\/06\/Logo-LGD-Color-1-1024x892.jpg\" alt=\"\" class=\"wp-image-6272\" width=\"216\" height=\"188\" srcset=\"https:\/\/szkola1.pl\/wp-content\/uploads\/2025\/06\/Logo-LGD-Color-1-1024x892.jpg 1024w, https:\/\/szkola1.pl\/wp-content\/uploads\/2025\/06\/Logo-LGD-Color-1-300x261.jpg 300w, https:\/\/szkola1.pl\/wp-content\/uploads\/2025\/06\/Logo-LGD-Color-1-768x669.jpg 768w, https:\/\/szkola1.pl\/wp-content\/uploads\/2025\/06\/Logo-LGD-Color-1-1536x1338.jpg 1536w, https:\/\/szkola1.pl\/wp-content\/uploads\/2025\/06\/Logo-LGD-Color-1-220x190.jpg 220w, https:\/\/szkola1.pl\/wp-content\/uploads\/2025\/06\/Logo-LGD-Color-1.jpg 1920w\" sizes=\"(max-width: 216px) 100vw, 216px\" \/><\/figure>\n\n\n\n<figure class=\"wp-block-image size-full is-resized\"><img loading=\"lazy\" decoding=\"async\" src=\"https:\/\/szkola1.pl\/wp-content\/uploads\/2025\/06\/POL_powiat_aleksandrowski_logo.webp\" alt=\"\" class=\"wp-image-6274\" width=\"201\" height=\"152\" srcset=\"https:\/\/szkola1.pl\/wp-content\/uploads\/2025\/06\/POL_powiat_aleksandrowski_logo.webp 459w, https:\/\/szkola1.pl\/wp-content\/uploads\/2025\/06\/POL_powiat_aleksandrowski_logo-300x227.webp 300w\" sizes=\"(max-width: 201px) 100vw, 201px\" \/><\/figure>\n","protected":false},"excerpt":{"rendered":"<p>W naszej szkole realizujemy projekt \u201cMAPA\u201d M\u0142odzie\u017cowa Akademia Powiatu Aleksandrowskiego, kt\u00f3rego Beneficjentem jest Powiat Aleksandrowski. Celem projektu jest stworzenie edukacyjnego klubu m\u0142odzie\u017cowego wspieraj\u0105cego w spos\u00f3b kompleksowy i innowacyjny rozw\u00f3j kompetencji, umiej\u0119tno\u015bci, uzdolnie\u0144 i zainteresowa\u0144 m\u0142odzie\u017cy w wieku od 6 do 24 lat, posiadaj\u0105cej status ucznia oraz zamieszka\u0142ej na terenie powiatu aleksandrowskiego. Projekt zak\u0142ada realizacj\u0119 czterech zada\u0144: interdyscyplinarny projekt j\u0119zykowy, kurs [&hellip;]<\/p>\n","protected":false},"author":1,"featured_media":0,"parent":182,"menu_order":0,"comment_status":"closed","ping_status":"closed","template":"","meta":{"saved_in_kubio":false,"_eb_attr":"","footnotes":""},"class_list":["post-5435","page","type-page","status-publish","hentry"],"kubio_ai_page_context":{"short_desc":"","purpose":"general"},"_links":{"self":[{"href":"https:\/\/szkola1.pl\/index.php\/wp-json\/wp\/v2\/pages\/5435","targetHints":{"allow":["GET"]}}],"collection":[{"href":"https:\/\/szkola1.pl\/index.php\/wp-json\/wp\/v2\/pages"}],"about":[{"href":"https:\/\/szkola1.pl\/index.php\/wp-json\/wp\/v2\/types\/page"}],"author":[{"embeddable":true,"href":"https:\/\/szkola1.pl\/index.php\/wp-json\/wp\/v2\/users\/1"}],"replies":[{"embeddable":true,"href":"https:\/\/szkola1.pl\/index.php\/wp-json\/wp\/v2\/comments?post=5435"}],"version-history":[{"count":5,"href":"https:\/\/szkola1.pl\/index.php\/wp-json\/wp\/v2\/pages\/5435\/revisions"}],"predecessor-version":[{"id":6369,"href":"https:\/\/szkola1.pl\/index.php\/wp-json\/wp\/v2\/pages\/5435\/revisions\/6369"}],"up":[{"embeddable":true,"href":"https:\/\/szkola1.pl\/index.php\/wp-json\/wp\/v2\/pages\/182"}],"wp:attachment":[{"href":"https:\/\/szkola1.pl\/index.php\/wp-json\/wp\/v2\/media?parent=5435"}],"curies":[{"name":"wp","href":"https:\/\/api.w.org\/{rel}","templated":true}]}}

&#8222;MAPA&#8221; Młodzieżowa Akademia Powiatu Aleksandrowskiego

<div class="wp-block-file"><a id="wp-block-file--media-3b663294-0bef-40a8-a72b-ef592b60ad7a" href="https://szkola1.pl/wp-content/uploads/2025/04/Regulamin-rekrutacji-do-klubu-MAPA.docx" target="_blank" rel="noreferrer noopener">Regulamin-rekrutacji-do-klubu-MAPA</a><a href="https://szkola1.pl/wp-content/uploads/2025/04/Regulamin-rekrutacji-do-klubu-MAPA.docx" class="wp-block-file__button wp-element-button" download aria-describedby="wp-block-file--media-3b663294-0bef-40a8-a72b-ef592b60ad7a">Pobierz</a></div>



<div class="wp-block-file"><a id="wp-block-file--media-306ce9df-da3b-45f4-843b-5139a2d2c84c" href="https://szkola1.pl/wp-content/uploads/2025/04/Regulamin-projektu-MAPA.docx">Regulamin-projektu-MAPA</a><a href="https://szkola1.pl/wp-content/uploads/2025/04/Regulamin-projektu-MAPA.docx" class="wp-block-file__button wp-element-button" download aria-describedby="wp-block-file--media-306ce9df-da3b-45f4-843b-5139a2d2c84c">Pobierz</a></div>



<div class="wp-block-file"><a id="wp-block-file--media-4439078e-903d-44f7-beb7-258caef852bb" href="https://szkola1.pl/wp-content/uploads/2025/04/Regulamin-klubu-mlodziezowego-MAPA.docx">Regulamin-klubu-mlodziezowego-MAPA</a><a href="https://szkola1.pl/wp-content/uploads/2025/04/Regulamin-klubu-mlodziezowego-MAPA.docx" class="wp-block-file__button wp-element-button" download aria-describedby="wp-block-file--media-4439078e-903d-44f7-beb7-258caef852bb">Pobierz</a></div>



<p>W naszej szkole realizujemy projekt “MAPA” Młodzieżowa Akademia Powiatu Aleksandrowskiego, którego Beneficjentem jest Powiat Aleksandrowski.</p>



<p>Celem projektu jest stworzenie edukacyjnego klubu młodzieżowego wspierającego w sposób kompleksowy</p>



<p>i innowacyjny rozwój kompetencji, umiejętności, uzdolnień i zainteresowań młodzieży w wieku od 6 do 24 lat, posiadającej status ucznia oraz zamieszkałej na terenie powiatu aleksandrowskiego.</p>



<p>Projekt zakłada realizację czterech zadań: interdyscyplinarny projekt językowy, kurs strzelectwa z elementami samoobrony i udzielania pierwszej pomocy, trening umiejętności społecznych (TUS) oraz warsztaty artystyczne.</p>



<p>W ramach powyższych zadań oczekiwane są następujące efekty:</p>



<p>&#8211; powstanie bloga pod nazwą &#8222;myśl globalnie, działaj lokalnie w &#8222;gminie obwarzankowej&#8221; Aleksandrów Kujawski&#8221; (ang. &#8222;think globally, act locally in the bagel region of Aleksandrów Kujawski&#8221;, w wersji językowej polskiej i angielskiej,</p>



<p>&#8211; opanowanie umiejętności strzeleckich z elementami samoobrony i udzielania pierwszej pomocy,</p>



<p>&#8211; nabycie określonych umiejętności społecznych,</p>



<p>&#8211; stworzenie pięciu rodzajów rękodzieła, z wykorzystaniem surowców wtórnych, inspirowanych naturą i zwyczajami typowymi dla powiatu aleksandrowskiego,</p>



<p>&#8211; wyeksponowanie stworzonego przez uczniów rękodzieła na wystawie zorganizowanej przez uczestników i opiekuna klubu, w celu aktywizacji i zachęcenia młodzieży do udziału w podobnych działaniach.</p>



<p>Do zrealizowania zadań zostanie zakupiony sprzęt, m.in. zestawy mikrofonów, kamera, tablet graficzny, defibrylator szkoleniowy, szkoleniowy zestaw fantomów, szkoleniowa kamizelka do zakrztuszeń, gry szkoleniowe, które będą wykorzystane do przeprowadzenia treningu umiejętności społecznych, sztalugi malarskie oraz materiały zużywalne, niezbędne do przeprowadzenia warsztatów artystycznych.</p>



<p>Wartość projektu wynosi 49 488,25 zł.</p>



<p>Wysokość wkładu Funduszy Europejskich wynosi 45 288,25 zł.</p>



<figure class="wp-block-image size-large"><img loading="lazy" decoding="async" width="1024" height="97" src="https://szkola1.pl/wp-content/uploads/2025/06/image-1024x97.png" alt="" class="wp-image-6271" srcset="https://szkola1.pl/wp-content/uploads/2025/06/image-1024x97.png 1024w, https://szkola1.pl/wp-content/uploads/2025/06/image-300x29.png 300w, https://szkola1.pl/wp-content/uploads/2025/06/image-768x73.png 768w, https://szkola1.pl/wp-content/uploads/2025/06/image.png 1536w" sizes="(max-width: 1024px) 100vw, 1024px" /></figure>



<figure class="wp-block-image size-large is-resized"><img loading="lazy" decoding="async" src="https://szkola1.pl/wp-content/uploads/2025/06/Logo-LGD-Color-1-1024x892.jpg" alt="" class="wp-image-6272" width="216" height="188" srcset="https://szkola1.pl/wp-content/uploads/2025/06/Logo-LGD-Color-1-1024x892.jpg 1024w, https://szkola1.pl/wp-content/uploads/2025/06/Logo-LGD-Color-1-300x261.jpg 300w, https://szkola1.pl/wp-content/uploads/2025/06/Logo-LGD-Color-1-768x669.jpg 768w, https://szkola1.pl/wp-content/uploads/2025/06/Logo-LGD-Color-1-1536x1338.jpg 1536w, https://szkola1.pl/wp-content/uploads/2025/06/Logo-LGD-Color-1-220x190.jpg 220w, https://szkola1.pl/wp-content/uploads/2025/06/Logo-LGD-Color-1.jpg 1920w" sizes="(max-width: 216px) 100vw, 216px" /></figure>



<figure class="wp-block-image size-full is-resized"><img loading="lazy" decoding="async" src="https://szkola1.pl/wp-content/uploads/2025/06/POL_powiat_aleksandrowski_logo.webp" alt="" class="wp-image-6274" width="201" height="152" srcset="https://szkola1.pl/wp-content/uploads/2025/06/POL_powiat_aleksandrowski_logo.webp 459w, https://szkola1.pl/wp-content/uploads/2025/06/POL_powiat_aleksandrowski_logo-300x227.webp 300w" sizes="(max-width: 201px) 100vw, 201px" /></figure>

<p>W naszej szkole realizujemy projekt “MAPA” Młodzieżowa Akademia Powiatu Aleksandrowskiego, którego Beneficjentem jest Powiat Aleksandrowski. Celem projektu jest stworzenie edukacyjnego klubu młodzieżowego wspierającego w sposób kompleksowy i innowacyjny rozwój kompetencji, umiejętności, uzdolnień i zainteresowań młodzieży w wieku od 6 do 24 lat, posiadającej status ucznia oraz zamieszkałej na terenie powiatu aleksandrowskiego. Projekt zakłada realizację czterech zadań: interdyscyplinarny projekt językowy, kurs [&hellip;]</p>
