{"id":542,"date":"2022-11-11T16:50:23","date_gmt":"2022-11-11T16:50:23","guid":{"rendered":"https:\/\/szkola-nr-1.pl\/?page_id=542"},"modified":"2026-03-27T17:47:54","modified_gmt":"2026-03-27T17:47:54","slug":"technik-organizacji-turystyki","status":"publish","type":"page","link":"https:\/\/szkola1.pl\/index.php\/technik-organizacji-turystyki\/","title":{"rendered":"Technik organizacji turystyki"},"content":{"rendered":"\n<figure class=\"wp-block-image size-large\"><img loading=\"lazy\" decoding=\"async\" width=\"1024\" height=\"576\" src=\"https:\/\/szkola1.pl\/wp-content\/uploads\/2026\/03\/Slajd8-1-1024x576.jpg\" alt=\"\" class=\"wp-image-8062\" srcset=\"https:\/\/szkola1.pl\/wp-content\/uploads\/2026\/03\/Slajd8-1-1024x576.jpg 1024w, https:\/\/szkola1.pl\/wp-content\/uploads\/2026\/03\/Slajd8-1-300x169.jpg 300w, https:\/\/szkola1.pl\/wp-content\/uploads\/2026\/03\/Slajd8-1-768x432.jpg 768w, https:\/\/szkola1.pl\/wp-content\/uploads\/2026\/03\/Slajd8-1-1536x864.jpg 1536w, https:\/\/szkola1.pl\/wp-content\/uploads\/2026\/03\/Slajd8-1.jpg 1707w\" sizes=\"(max-width: 1024px) 100vw, 1024px\" \/><\/figure>\n\n\n\n<p class=\"has-text-align-center\"><strong>KWALIFIKACJE<\/strong><\/p>\n\n\n\n<p class=\"has-text-align-center\"><strong>HGT.07.<\/strong> <\/p>\n\n\n\n<p class=\"has-text-align-center\">przygotowanie imprez i us\u0142ug turystycznych<br><\/p>\n\n\n\n<figure class=\"wp-block-image size-large\"><img loading=\"lazy\" decoding=\"async\" width=\"1024\" height=\"819\" src=\"https:\/\/szkola-nr-1.pl\/wp-content\/uploads\/2022\/11\/technik-organizacji-turystyki-1-1024x819.png\" alt=\"\" class=\"wp-image-701\" srcset=\"https:\/\/szkola1.pl\/wp-content\/uploads\/2022\/11\/technik-organizacji-turystyki-1-1024x819.png 1024w, https:\/\/szkola1.pl\/wp-content\/uploads\/2022\/11\/technik-organizacji-turystyki-1-300x240.png 300w, https:\/\/szkola1.pl\/wp-content\/uploads\/2022\/11\/technik-organizacji-turystyki-1-768x614.png 768w, https:\/\/szkola1.pl\/wp-content\/uploads\/2022\/11\/technik-organizacji-turystyki-1-1536x1229.png 1536w, https:\/\/szkola1.pl\/wp-content\/uploads\/2022\/11\/technik-organizacji-turystyki-1-500x400.png 500w, https:\/\/szkola1.pl\/wp-content\/uploads\/2022\/11\/technik-organizacji-turystyki-1-800x640.png 800w, https:\/\/szkola1.pl\/wp-content\/uploads\/2022\/11\/technik-organizacji-turystyki-1-1280x1024.png 1280w, https:\/\/szkola1.pl\/wp-content\/uploads\/2022\/11\/technik-organizacji-turystyki-1-1920x1536.png 1920w, https:\/\/szkola1.pl\/wp-content\/uploads\/2022\/11\/technik-organizacji-turystyki-1.png 2000w\" sizes=\"(max-width: 1024px) 100vw, 1024px\" \/><\/figure>\n\n\n\n<p class=\"has-text-align-center\"><strong>HGT.08. <\/strong><\/p>\n\n\n\n<p class=\"has-text-align-center\">obs\u0142uga klienta oraz rozliczanie imprez i us\u0142ug turystycznych<\/p>\n\n\n\n<p><br>Kszta\u0142cenie w zawodzie technik organizacji turystyki odbywa si\u0119:<br>\u2022 w pi\u0119cioletnim technikum;<br>\u2022 na kwalifikacyjnych kursach zawodowych.<\/p>\n\n\n\n<p class=\"has-text-align-center\"><strong>G\u0141\u00d3WNE ZADANIA I CZYNNO\u015aCI ZAWODOWE<\/strong><\/p>\n\n\n\n<p>Absolwent szko\u0142y prowadz\u0105cej kszta\u0142cenie w zawodzie technik organizacji turystyki powinien by\u0107 przygotowany do wykonywania zada\u0144 zawodowych: w zakresie kwalifikacji <strong>HGT.07.<\/strong> Przygotowanie imprez i us\u0142ug turystycznych:<br>a) projektowania imprez i us\u0142ug turystycznych,<br>b) zamawiania imprez i us\u0142ug turystycznych;<br>i<br>w zakresie kwalifikacji <strong>HGT.08.<\/strong> Obs\u0142uga klienta oraz rozliczanie imprez i us\u0142ug turystycznych:<br>a) prowadzenia informacji turystycznej,<br>b) obs\u0142ugi klient\u00f3w korzystaj\u0105cych z us\u0142ug turystycznych,<br>c) rozliczania us\u0142ug i imprez turystycznych<\/p>\n\n\n\n<p class=\"has-text-align-center\"><strong>PREDYSPOZYCJE DO WYKONYWANIA ZAWODU<\/strong><\/p>\n\n\n\n<p>\u2022 komunikatywno\u015b\u0107;<br>\u2022 spostrzegawczo\u015b\u0107;<br>\u2022 kreatywno\u015b\u0107;<br>\u2022 cierpliwo\u015b\u0107;<br>\u2022 \u017cyczliwo\u015b\u0107 i otwarto\u015b\u0107;<br>\u2022 subtelno\u015b\u0107;<br>\u2022 dok\u0142adno\u015b\u0107;<br>\u2022 odporno\u015b\u0107 emocjonalna,<br>\u2022 wysoka kultura osobista;<br>\u2022 samodzielno\u015b\u0107;<br>\u2022 asertywno\u015b\u0107;<br>\u2022 podzielno\u015b\u0107 uwagi;<br>\u2022 umiej\u0119tno\u015b\u0107 szybkiego nawi\u0105zywania kontaktu;<br>\u2022 gotowo\u015b\u0107 do pracy w szybkim tempie;<br>\u2022 \u0142atwo\u015b\u0107 przechodzenia z jednej czynno\u015bci do drugiej;<br>\u2022 wytrzyma\u0142o\u015b\u0107 na d\u0142ugotrwa\u0142y wysi\u0142ek fizyczny;<br>\u2022 gotowo\u015b\u0107 do tworzenia i podtrzymywania sieci kontakt\u00f3w<br>z klientami;<br>\u2022 zainteresowania mened\u017cerskie;<br>\u2022 zdolno\u015b\u0107 radzenia sobie z emocjami klient\u00f3w i presj\u0105<br>otoczenia;<br>\u2022 gotowo\u015b\u0107 do pracy w r\u00f3\u017cnych warunkach \u015brodowiskowych.<\/p>\n\n\n<div class=\"wp-block-image\">\n<figure class=\"aligncenter size-large\"><img loading=\"lazy\" decoding=\"async\" width=\"410\" height=\"1024\" src=\"https:\/\/szkola-nr-1.pl\/wp-content\/uploads\/2022\/11\/predyspozycje-do-wykonywania-zawodu-410x1024.png\" alt=\"\" class=\"wp-image-558\" srcset=\"https:\/\/szkola1.pl\/wp-content\/uploads\/2022\/11\/predyspozycje-do-wykonywania-zawodu-410x1024.png 410w, https:\/\/szkola1.pl\/wp-content\/uploads\/2022\/11\/predyspozycje-do-wykonywania-zawodu-120x300.png 120w, https:\/\/szkola1.pl\/wp-content\/uploads\/2022\/11\/predyspozycje-do-wykonywania-zawodu-768x1920.png 768w, https:\/\/szkola1.pl\/wp-content\/uploads\/2022\/11\/predyspozycje-do-wykonywania-zawodu-500x1250.png 500w, https:\/\/szkola1.pl\/wp-content\/uploads\/2022\/11\/predyspozycje-do-wykonywania-zawodu.png 800w\" sizes=\"(max-width: 410px) 100vw, 410px\" \/><\/figure>\n<\/div>","protected":false},"excerpt":{"rendered":"<p>KWALIFIKACJE HGT.07. przygotowanie imprez i us\u0142ug turystycznych HGT.08. obs\u0142uga klienta oraz rozliczanie imprez i us\u0142ug turystycznych Kszta\u0142cenie w zawodzie technik organizacji turystyki odbywa si\u0119:\u2022 w pi\u0119cioletnim technikum;\u2022 na kwalifikacyjnych kursach zawodowych. G\u0141\u00d3WNE ZADANIA I CZYNNO\u015aCI ZAWODOWE Absolwent szko\u0142y prowadz\u0105cej kszta\u0142cenie w zawodzie technik organizacji turystyki powinien by\u0107 przygotowany do wykonywania zada\u0144 zawodowych: w zakresie kwalifikacji HGT.07. Przygotowanie imprez i us\u0142ug [&hellip;]<\/p>\n","protected":false},"author":2,"featured_media":0,"parent":0,"menu_order":0,"comment_status":"closed","ping_status":"closed","template":"","meta":{"saved_in_kubio":false,"_eb_attr":"","footnotes":""},"class_list":["post-542","page","type-page","status-publish","hentry"],"kubio_ai_page_context":{"short_desc":"","purpose":"general"},"_links":{"self":[{"href":"https:\/\/szkola1.pl\/index.php\/wp-json\/wp\/v2\/pages\/542","targetHints":{"allow":["GET"]}}],"collection":[{"href":"https:\/\/szkola1.pl\/index.php\/wp-json\/wp\/v2\/pages"}],"about":[{"href":"https:\/\/szkola1.pl\/index.php\/wp-json\/wp\/v2\/types\/page"}],"author":[{"embeddable":true,"href":"https:\/\/szkola1.pl\/index.php\/wp-json\/wp\/v2\/users\/2"}],"replies":[{"embeddable":true,"href":"https:\/\/szkola1.pl\/index.php\/wp-json\/wp\/v2\/comments?post=542"}],"version-history":[{"count":10,"href":"https:\/\/szkola1.pl\/index.php\/wp-json\/wp\/v2\/pages\/542\/revisions"}],"predecessor-version":[{"id":8080,"href":"https:\/\/szkola1.pl\/index.php\/wp-json\/wp\/v2\/pages\/542\/revisions\/8080"}],"wp:attachment":[{"href":"https:\/\/szkola1.pl\/index.php\/wp-json\/wp\/v2\/media?parent=542"}],"curies":[{"name":"wp","href":"https:\/\/api.w.org\/{rel}","templated":true}]}}