{"id":539,"date":"2022-11-11T16:48:57","date_gmt":"2022-11-11T16:48:57","guid":{"rendered":"https:\/\/szkola-nr-1.pl\/?page_id=539"},"modified":"2026-03-27T17:47:14","modified_gmt":"2026-03-27T17:47:14","slug":"technik-reklamy","status":"publish","type":"page","link":"https:\/\/szkola1.pl\/index.php\/technik-reklamy\/","title":{"rendered":"Technik reklamy"},"content":{"rendered":"\n<figure class=\"wp-block-image size-large\"><img loading=\"lazy\" decoding=\"async\" width=\"1024\" height=\"576\" src=\"https:\/\/szkola1.pl\/wp-content\/uploads\/2026\/03\/Slajd7-1024x576.jpg\" alt=\"\" class=\"wp-image-8060\" srcset=\"https:\/\/szkola1.pl\/wp-content\/uploads\/2026\/03\/Slajd7-1024x576.jpg 1024w, https:\/\/szkola1.pl\/wp-content\/uploads\/2026\/03\/Slajd7-300x169.jpg 300w, https:\/\/szkola1.pl\/wp-content\/uploads\/2026\/03\/Slajd7-768x432.jpg 768w, https:\/\/szkola1.pl\/wp-content\/uploads\/2026\/03\/Slajd7-1536x864.jpg 1536w, https:\/\/szkola1.pl\/wp-content\/uploads\/2026\/03\/Slajd7.jpg 1707w\" sizes=\"(max-width: 1024px) 100vw, 1024px\" \/><\/figure>\n\n\n\n<p class=\"has-text-align-center\"><strong>KWALIFIKACJE<\/strong><\/p>\n\n\n\n<p class=\"has-text-align-center\"><strong>PGF.07. <\/strong><\/p>\n\n\n\n<p class=\"has-text-align-center\">wykonywanie przekazu reklamowego<br><\/p>\n\n\n\n<figure class=\"wp-block-image size-large\"><img loading=\"lazy\" decoding=\"async\" width=\"1024\" height=\"819\" src=\"https:\/\/szkola-nr-1.pl\/wp-content\/uploads\/2022\/11\/reklama-2-1024x819.png\" alt=\"\" class=\"wp-image-677\" srcset=\"https:\/\/szkola1.pl\/wp-content\/uploads\/2022\/11\/reklama-2-1024x819.png 1024w, https:\/\/szkola1.pl\/wp-content\/uploads\/2022\/11\/reklama-2-300x240.png 300w, https:\/\/szkola1.pl\/wp-content\/uploads\/2022\/11\/reklama-2-768x614.png 768w, https:\/\/szkola1.pl\/wp-content\/uploads\/2022\/11\/reklama-2-500x400.png 500w, https:\/\/szkola1.pl\/wp-content\/uploads\/2022\/11\/reklama-2-800x640.png 800w, https:\/\/szkola1.pl\/wp-content\/uploads\/2022\/11\/reklama-2-1280x1024.png 1280w, https:\/\/szkola1.pl\/wp-content\/uploads\/2022\/11\/reklama-2.png 1500w\" sizes=\"(max-width: 1024px) 100vw, 1024px\" \/><\/figure>\n\n\n\n<p class=\"has-text-align-center\"><strong>PGF.08. <\/strong><\/p>\n\n\n\n<p class=\"has-text-align-center\">zarz\u0105dzanie kampani\u0105 reklamow\u0105<\/p>\n\n\n\n<p><br>Kszta\u0142cenie w zawodzie technik reklamy odbywa si\u0119:<br>\u2022 w pi\u0119cioletnim technikum;<br>\u2022 na kwalifikacyjnych kursach zawodowych.<\/p>\n\n\n\n<p>Kszta\u0142cenie w zawodzie technik renowacji element\u00f3w architektury odbywa si\u0119:<br>\u2022 w pi\u0119cioletnim technikum;<br>\u2022 na kwalifikacyjnych kursach zawodowych.<\/p>\n\n\n\n<p class=\"has-text-align-center\"><strong>G\u0141\u00d3WNE ZADANIA I CZYNNO\u015aCI ZAWODOWE<\/strong><\/p>\n\n\n\n<p>Absolwent szko\u0142y prowadz\u0105cej kszta\u0142cenie w zawodzie technik reklamy powinien by\u0107 przygotowany do wykonywania zada\u0144 zawodowych: w zakresie kwalifikacji <strong>PGF.07.<\/strong> Wykonywanie przekazu reklamowego:<br>a) przygotowania element\u00f3w strategii reklamowej,<br>b) przygotowania element\u00f3w kreacji reklamowej,<br>c) produkcji reklamy;<br>i w zakresie kwalifikacji <strong>PGF.08.<\/strong> Zarz\u0105dzanie kampani\u0105 reklamow\u0105:<br>a) planowania kampanii reklamowej,<br>b) organizowania sprzeda\u017cy reklamowej,<br>c) realizowania kampanii reklamowej,<br>d) badania przekazu reklamowego.<\/p>\n\n\n\n<p class=\"has-text-align-center\"><strong>PREDYSPOZYCJE DO WYKONYWANIA ZAWODU<\/strong><\/p>\n\n\n\n<p>\u2022 dok\u0142adno\u015b\u0107 i rzetelno\u015b\u0107;<br>\u2022 wytrwa\u0142o\u015b\u0107 i cierpliwo\u015b\u0107;<br>\u2022 samodzielno\u015b\u0107 i samokontrola;<br>\u2022 uzdolnienia plastyczne, artystyczne i techniczne;<br>\u2022 wyobra\u017ania i my\u015blenie tw\u00f3rcze;<br>\u2022 zdolno\u015b\u0107 nawi\u0105zywania kontaktu z lud\u017ami;<br>\u2022 zdolno\u015b\u0107 podporz\u0105dkowania si\u0119;<br>\u2022 ch\u0119\u0107 pracy w warunkach monotonnych, pracy w warunkach izolacji;<br>\u2022 wytrzyma\u0142o\u015b\u0107 na d\u0142ugotrwa\u0142y wysi\u0142ek;<br>\u2022 wsp\u00f3\u0142praca w grupie;<br>\u2022 gotowo\u015b\u0107 do pracy w r\u00f3\u017cnych warunkach \u015brodowiskowych.<\/p>\n\n\n<div class=\"wp-block-image\">\n<figure class=\"aligncenter size-large\"><img loading=\"lazy\" decoding=\"async\" width=\"410\" height=\"1024\" src=\"https:\/\/szkola-nr-1.pl\/wp-content\/uploads\/2022\/11\/Matura-rozszerzona-2-410x1024.png\" alt=\"\" class=\"wp-image-617\" srcset=\"https:\/\/szkola1.pl\/wp-content\/uploads\/2022\/11\/Matura-rozszerzona-2-410x1024.png 410w, https:\/\/szkola1.pl\/wp-content\/uploads\/2022\/11\/Matura-rozszerzona-2-120x300.png 120w, https:\/\/szkola1.pl\/wp-content\/uploads\/2022\/11\/Matura-rozszerzona-2-768x1920.png 768w, https:\/\/szkola1.pl\/wp-content\/uploads\/2022\/11\/Matura-rozszerzona-2-500x1250.png 500w, https:\/\/szkola1.pl\/wp-content\/uploads\/2022\/11\/Matura-rozszerzona-2.png 800w\" sizes=\"(max-width: 410px) 100vw, 410px\" \/><\/figure>\n<\/div>","protected":false},"excerpt":{"rendered":"<p>KWALIFIKACJE PGF.07. wykonywanie przekazu reklamowego PGF.08. zarz\u0105dzanie kampani\u0105 reklamow\u0105 Kszta\u0142cenie w zawodzie technik reklamy odbywa si\u0119:\u2022 w pi\u0119cioletnim technikum;\u2022 na kwalifikacyjnych kursach zawodowych. Kszta\u0142cenie w zawodzie technik renowacji element\u00f3w architektury odbywa si\u0119:\u2022 w pi\u0119cioletnim technikum;\u2022 na kwalifikacyjnych kursach zawodowych. G\u0141\u00d3WNE ZADANIA I CZYNNO\u015aCI ZAWODOWE Absolwent szko\u0142y prowadz\u0105cej kszta\u0142cenie w zawodzie technik reklamy powinien by\u0107 przygotowany do wykonywania zada\u0144 zawodowych: w [&hellip;]<\/p>\n","protected":false},"author":2,"featured_media":0,"parent":0,"menu_order":0,"comment_status":"closed","ping_status":"closed","template":"","meta":{"saved_in_kubio":false,"_eb_attr":"","footnotes":""},"class_list":["post-539","page","type-page","status-publish","hentry"],"kubio_ai_page_context":{"short_desc":"","purpose":"general"},"_links":{"self":[{"href":"https:\/\/szkola1.pl\/index.php\/wp-json\/wp\/v2\/pages\/539","targetHints":{"allow":["GET"]}}],"collection":[{"href":"https:\/\/szkola1.pl\/index.php\/wp-json\/wp\/v2\/pages"}],"about":[{"href":"https:\/\/szkola1.pl\/index.php\/wp-json\/wp\/v2\/types\/page"}],"author":[{"embeddable":true,"href":"https:\/\/szkola1.pl\/index.php\/wp-json\/wp\/v2\/users\/2"}],"replies":[{"embeddable":true,"href":"https:\/\/szkola1.pl\/index.php\/wp-json\/wp\/v2\/comments?post=539"}],"version-history":[{"count":11,"href":"https:\/\/szkola1.pl\/index.php\/wp-json\/wp\/v2\/pages\/539\/revisions"}],"predecessor-version":[{"id":8079,"href":"https:\/\/szkola1.pl\/index.php\/wp-json\/wp\/v2\/pages\/539\/revisions\/8079"}],"wp:attachment":[{"href":"https:\/\/szkola1.pl\/index.php\/wp-json\/wp\/v2\/media?parent=539"}],"curies":[{"name":"wp","href":"https:\/\/api.w.org\/{rel}","templated":true}]}}