{"id":502,"date":"2022-11-11T13:28:57","date_gmt":"2022-11-11T13:28:57","guid":{"rendered":"https:\/\/szkola-nr-1.pl\/?page_id=502"},"modified":"2026-03-27T17:31:16","modified_gmt":"2026-03-27T17:31:16","slug":"technik-programista","status":"publish","type":"page","link":"https:\/\/szkola1.pl\/index.php\/technik-programista\/","title":{"rendered":"Technik programista"},"content":{"rendered":"\n<figure class=\"wp-block-image size-large\"><img loading=\"lazy\" decoding=\"async\" width=\"1024\" height=\"576\" src=\"https:\/\/szkola1.pl\/wp-content\/uploads\/2026\/03\/Slajd3-1024x576.jpg\" alt=\"\" class=\"wp-image-8049\" srcset=\"https:\/\/szkola1.pl\/wp-content\/uploads\/2026\/03\/Slajd3-1024x576.jpg 1024w, https:\/\/szkola1.pl\/wp-content\/uploads\/2026\/03\/Slajd3-300x169.jpg 300w, https:\/\/szkola1.pl\/wp-content\/uploads\/2026\/03\/Slajd3-768x432.jpg 768w, https:\/\/szkola1.pl\/wp-content\/uploads\/2026\/03\/Slajd3-1536x864.jpg 1536w, https:\/\/szkola1.pl\/wp-content\/uploads\/2026\/03\/Slajd3.jpg 1707w\" sizes=\"(max-width: 1024px) 100vw, 1024px\" \/><\/figure>\n\n\n\n<p class=\"has-text-align-center\"><strong>KWALIFIKACJE<\/strong><\/p>\n\n\n\n<p class=\"has-text-align-center\"><strong>INF.03.<\/strong> <\/p>\n\n\n\n<p class=\"has-text-align-center\">Tworzenie i administrowanie stronami i aplikacjami internetowymi oraz bazami danych<br><strong>INF.04. <\/strong><\/p>\n\n\n\n<p class=\"has-text-align-center\">projektowanie, programowanie i testowanie aplikacji<\/p>\n\n\n\n<p><br>Kszta\u0142cenie w zawodzie technik programista odbywa si\u0119:<br>\u2022 w pi\u0119cioletnim technikum;<br>\u2022 na kwalifikacyjnych kursach zawodowych.<\/p>\n\n\n\n<p class=\"has-text-align-center\"><strong>G\u0141\u00d3WNE ZADANIA I CZYNNO\u015aCI ZAWODOWE<\/strong><\/p>\n\n\n\n<p>Absolwent szko\u0142y prowadz\u0105cej kszta\u0142cenie w zawodzie technik programista powinien by\u0107 przygotowany do wykonywania zada\u0144 zawodowych: w zakresie kwalifikacji <strong>INF.03.<\/strong> Tworzenie i administrowanie stronami<br>i aplikacjami internetowymi oraz bazami danych:<br>a) tworzenia i administrowania stronami internetowymi,<br>b) tworzenia, administrowania i u\u017cytkowania relacyjnych baz danych,<br>c) programowania aplikacji internetowych,<br>d) tworzenia i administrowania systemami zarz\u0105dzania tre\u015bci\u0105; i w zakresie kwalifikacji <strong>INF.04.<\/strong> Projektowanie, programowanie i testowanie aplikacji:<br>a) projektowania, programowania i testowania zaawansowanych<br>aplikacji webowych,<br>b) projektowania, programowania i testowania aplikacji desktopowych,<br>c) projektowania, programowania i testowania aplikacji mobilnych.<\/p>\n\n\n\n<p class=\"has-text-align-center\"><strong>PREDYSPOZYCJE DO WYKONYWANIA ZAWODU<\/strong><\/p>\n\n\n\n<p>\u2022 wysoka sprawno\u015b\u0107 manualna;<br>\u2022 koordynacja wzrokowo-ruchowa;<br>\u2022 odporno\u015b\u0107 na stres;<br>\u2022 cierpliwo\u015b\u0107;<br>\u2022 dok\u0142adno\u015b\u0107;<br>\u2022 spostrzegawczo\u015b\u0107;<br>\u2022 zdolno\u015b\u0107 podejmowania decyzji;<br>\u2022 zarz\u0105dzanie ma\u0142ymi zespo\u0142ami;<br>\u2022 planowanie pracy w\u0142asnej i zespo\u0142owej;<br>\u2022 podzielno\u015b\u0107 uwagi;<br>\u2022 gotowo\u015b\u0107 do ci\u0105g\u0142ej nauki i nabywania nowych umiej\u0119tno\u015bci;<br>\u2022 zr\u0119czno\u015b\u0107;<br>\u2022 rzetelno\u015b\u0107;<br>\u2022 dobra organizacja pracy w\u0142asnej;<br>\u2022 zdolno\u015b\u0107 koncentracji uwagi;<br>\u2022 rozumowanie logiczne;<br>\u2022 wsp\u00f3\u0142dzia\u0142anie i wsp\u00f3\u0142praca w zespole (grupie);<br>\u2022 zdolno\u015b\u0107 podejmowania szybkich i trafnych decyzji;<br>\u2022 zainteresowania informatyczne;<br>\u2022 uzdolnienia techniczne;<br>\u2022 uzdolnienia matematyczne;<br>\u2022 zdolno\u015b\u0107 do pracy w szybkim tempie;<br>\u2022 wyobra\u017ania i my\u015blenie tw\u00f3rcze.<\/p>\n\n\n<div class=\"wp-block-image\">\n<figure class=\"aligncenter size-large\"><img loading=\"lazy\" decoding=\"async\" width=\"410\" height=\"1024\" src=\"https:\/\/szkola-nr-1.pl\/wp-content\/uploads\/2022\/11\/predyspozycje-do-wykonywania-zawodu-2-410x1024.png\" alt=\"\" class=\"wp-image-607\" srcset=\"https:\/\/szkola1.pl\/wp-content\/uploads\/2022\/11\/predyspozycje-do-wykonywania-zawodu-2-410x1024.png 410w, https:\/\/szkola1.pl\/wp-content\/uploads\/2022\/11\/predyspozycje-do-wykonywania-zawodu-2-120x300.png 120w, https:\/\/szkola1.pl\/wp-content\/uploads\/2022\/11\/predyspozycje-do-wykonywania-zawodu-2-768x1920.png 768w, https:\/\/szkola1.pl\/wp-content\/uploads\/2022\/11\/predyspozycje-do-wykonywania-zawodu-2-500x1250.png 500w, https:\/\/szkola1.pl\/wp-content\/uploads\/2022\/11\/predyspozycje-do-wykonywania-zawodu-2.png 800w\" sizes=\"(max-width: 410px) 100vw, 410px\" \/><\/figure>\n<\/div>","protected":false},"excerpt":{"rendered":"<p>KWALIFIKACJE INF.03. Tworzenie i administrowanie stronami i aplikacjami internetowymi oraz bazami danychINF.04. projektowanie, programowanie i testowanie aplikacji Kszta\u0142cenie w zawodzie technik programista odbywa si\u0119:\u2022 w pi\u0119cioletnim technikum;\u2022 na kwalifikacyjnych kursach zawodowych. G\u0141\u00d3WNE ZADANIA I CZYNNO\u015aCI ZAWODOWE Absolwent szko\u0142y prowadz\u0105cej kszta\u0142cenie w zawodzie technik programista powinien by\u0107 przygotowany do wykonywania zada\u0144 zawodowych: w zakresie kwalifikacji INF.03. Tworzenie i administrowanie stronamii aplikacjami [&hellip;]<\/p>\n","protected":false},"author":2,"featured_media":0,"parent":0,"menu_order":0,"comment_status":"closed","ping_status":"closed","template":"","meta":{"saved_in_kubio":false,"_eb_attr":"","footnotes":""},"class_list":["post-502","page","type-page","status-publish","hentry"],"kubio_ai_page_context":{"short_desc":"","purpose":"general"},"_links":{"self":[{"href":"https:\/\/szkola1.pl\/index.php\/wp-json\/wp\/v2\/pages\/502","targetHints":{"allow":["GET"]}}],"collection":[{"href":"https:\/\/szkola1.pl\/index.php\/wp-json\/wp\/v2\/pages"}],"about":[{"href":"https:\/\/szkola1.pl\/index.php\/wp-json\/wp\/v2\/types\/page"}],"author":[{"embeddable":true,"href":"https:\/\/szkola1.pl\/index.php\/wp-json\/wp\/v2\/users\/2"}],"replies":[{"embeddable":true,"href":"https:\/\/szkola1.pl\/index.php\/wp-json\/wp\/v2\/comments?post=502"}],"version-history":[{"count":13,"href":"https:\/\/szkola1.pl\/index.php\/wp-json\/wp\/v2\/pages\/502\/revisions"}],"predecessor-version":[{"id":8050,"href":"https:\/\/szkola1.pl\/index.php\/wp-json\/wp\/v2\/pages\/502\/revisions\/8050"}],"wp:attachment":[{"href":"https:\/\/szkola1.pl\/index.php\/wp-json\/wp\/v2\/media?parent=502"}],"curies":[{"name":"wp","href":"https:\/\/api.w.org\/{rel}","templated":true}]}}

<figure class="wp-block-image size-large"><img loading="lazy" decoding="async" width="1024" height="576" src="https://szkola1.pl/wp-content/uploads/2026/03/Slajd3-1024x576.jpg" alt="" class="wp-image-8049" srcset="https://szkola1.pl/wp-content/uploads/2026/03/Slajd3-1024x576.jpg 1024w, https://szkola1.pl/wp-content/uploads/2026/03/Slajd3-300x169.jpg 300w, https://szkola1.pl/wp-content/uploads/2026/03/Slajd3-768x432.jpg 768w, https://szkola1.pl/wp-content/uploads/2026/03/Slajd3-1536x864.jpg 1536w, https://szkola1.pl/wp-content/uploads/2026/03/Slajd3.jpg 1707w" sizes="(max-width: 1024px) 100vw, 1024px" /></figure>



<p class="has-text-align-center"><strong>KWALIFIKACJE</strong></p>



<p class="has-text-align-center"><strong>INF.03.</strong> </p>



<p class="has-text-align-center">Tworzenie i administrowanie stronami i aplikacjami internetowymi oraz bazami danych<br><strong>INF.04. </strong></p>



<p class="has-text-align-center">projektowanie, programowanie i testowanie aplikacji</p>



<p><br>Kształcenie w zawodzie technik programista odbywa się:<br>• w pięcioletnim technikum;<br>• na kwalifikacyjnych kursach zawodowych.</p>



<p class="has-text-align-center"><strong>GŁÓWNE ZADANIA I CZYNNOŚCI ZAWODOWE</strong></p>



<p>Absolwent szkoły prowadzącej kształcenie w zawodzie technik programista powinien być przygotowany do wykonywania zadań zawodowych: w zakresie kwalifikacji <strong>INF.03.</strong> Tworzenie i administrowanie stronami<br>i aplikacjami internetowymi oraz bazami danych:<br>a) tworzenia i administrowania stronami internetowymi,<br>b) tworzenia, administrowania i użytkowania relacyjnych baz danych,<br>c) programowania aplikacji internetowych,<br>d) tworzenia i administrowania systemami zarządzania treścią; i w zakresie kwalifikacji <strong>INF.04.</strong> Projektowanie, programowanie i testowanie aplikacji:<br>a) projektowania, programowania i testowania zaawansowanych<br>aplikacji webowych,<br>b) projektowania, programowania i testowania aplikacji desktopowych,<br>c) projektowania, programowania i testowania aplikacji mobilnych.</p>



<p class="has-text-align-center"><strong>PREDYSPOZYCJE DO WYKONYWANIA ZAWODU</strong></p>



<p>• wysoka sprawność manualna;<br>• koordynacja wzrokowo-ruchowa;<br>• odporność na stres;<br>• cierpliwość;<br>• dokładność;<br>• spostrzegawczość;<br>• zdolność podejmowania decyzji;<br>• zarządzanie małymi zespołami;<br>• planowanie pracy własnej i zespołowej;<br>• podzielność uwagi;<br>• gotowość do ciągłej nauki i nabywania nowych umiejętności;<br>• zręczność;<br>• rzetelność;<br>• dobra organizacja pracy własnej;<br>• zdolność koncentracji uwagi;<br>• rozumowanie logiczne;<br>• współdziałanie i współpraca w zespole (grupie);<br>• zdolność podejmowania szybkich i trafnych decyzji;<br>• zainteresowania informatyczne;<br>• uzdolnienia techniczne;<br>• uzdolnienia matematyczne;<br>• zdolność do pracy w szybkim tempie;<br>• wyobraźnia i myślenie twórcze.</p>


<div class="wp-block-image">
<figure class="aligncenter size-large"><img loading="lazy" decoding="async" width="410" height="1024" src="https://szkola-nr-1.pl/wp-content/uploads/2022/11/predyspozycje-do-wykonywania-zawodu-2-410x1024.png" alt="" class="wp-image-607" srcset="https://szkola1.pl/wp-content/uploads/2022/11/predyspozycje-do-wykonywania-zawodu-2-410x1024.png 410w, https://szkola1.pl/wp-content/uploads/2022/11/predyspozycje-do-wykonywania-zawodu-2-120x300.png 120w, https://szkola1.pl/wp-content/uploads/2022/11/predyspozycje-do-wykonywania-zawodu-2-768x1920.png 768w, https://szkola1.pl/wp-content/uploads/2022/11/predyspozycje-do-wykonywania-zawodu-2-500x1250.png 500w, https://szkola1.pl/wp-content/uploads/2022/11/predyspozycje-do-wykonywania-zawodu-2.png 800w" sizes="(max-width: 410px) 100vw, 410px" /></figure>
</div>

<p>KWALIFIKACJE INF.03. Tworzenie i administrowanie stronami i aplikacjami internetowymi oraz bazami danychINF.04. projektowanie, programowanie i testowanie aplikacji Kształcenie w zawodzie technik programista odbywa się:• w pięcioletnim technikum;• na kwalifikacyjnych kursach zawodowych. GŁÓWNE ZADANIA I CZYNNOŚCI ZAWODOWE Absolwent szkoły prowadzącej kształcenie w zawodzie technik programista powinien być przygotowany do wykonywania zadań zawodowych: w zakresie kwalifikacji INF.03. Tworzenie i administrowanie stronamii aplikacjami [&hellip;]</p>
